584 a multiple of 18?
True
Does 21 divide 5817?
True
Is 16 a factor of 12166?
False
Is 91 a multiple of 40?
False
Does 5 divide 3964?
False
Is 592 a multiple of 8?
True
Is 7285 a multiple of 22?
False
Does 25 divide 7275?
True
Is 6573 a multiple of 3?
True
Does 13 divide 5623?
False
Is 11 a factor of 67991?
True
Is 3910 a multiple of 10?
True
Is 64 a factor of 640?
True
Is 29 a factor of 79058?
False
Is 55 a factor of 20580?
False
Does 2 divide 869?
False
Is 99 a multiple of 63?
False
Does 2 divide 81?
False
Is 45 a factor of 1080?
True
Does 4 divide 52?
True
Is 33 a factor of 37024?
False
Is 45 a factor of 2925?
True
Is 2552 a multiple of 88?
True
Is 493 a multiple of 3?
False
Is 25306 a multiple of 22?
False
Is 3659 a multiple of 7?
False
Is 2448 a multiple of 17?
True
Does 16 divide 1728?
True
Is 65 a multiple of 11?
False
Does 55 divide 22495?
True
Is 18372 a multiple of 8?
False
Is 5 a factor of 160?
True
Does 131 divide 5109?
True
Is 58302 a multiple of 89?
False
Is 3 a factor of 66?
True
Is 24402 a multiple of 154?
False
Is 18083 a multiple of 13?
True
Does 46 divide 368?
True
Is 21 a factor of 808?
False
Is 1857 a multiple of 15?
False
Is 51 a factor of 1275?
True
Is 18 a multiple of 9?
True
Is 8505 a multiple of 47?
False
Is 11 a factor of 11347?
False
Is 54 a multiple of 27?
True
Is 14 a factor of 78872?
False
Is 28 a factor of 2548?
True
Is 86 a factor of 29655?
False
Is 115 a multiple of 51?
False
Is 260 a multiple of 14?
False
Is 15 a factor of 7785?
True
Does 111 divide 1472?
False
Is 8 a factor of 321?
False
Is 50 a multiple of 6?
False
Is 41 a multiple of 41?
True
Is 56 a factor of 54040?
True
Is 15 a factor of 1109?
False
Is 4260 a multiple of 17?
False
Is 8 a factor of 891?
False
Is 44964 a multiple of 12?
True
Is 89 a factor of 2848?
True
Is 235 a factor of 1883?
False
Is 27 a factor of 351?
True
Does 14 divide 35521?
False
Is 212 a multiple of 4?
True
Does 28 divide 5026?
False
Is 47129 a multiple of 144?
False
Does 3 divide 17?
False
Is 24 a factor of 645?
False
Is 93 a multiple of 3?
True
Is 66 a factor of 528?
True
Does 45 divide 24570?
True
Is 26 a multiple of 5?
False
Does 114 divide 94018?
False
Does 91 divide 2077?
False
Does 5 divide 1399?
False
Is 14 a factor of 7419?
False
Is 46 a factor of 3266?
True
Does 63 divide 2920?
False
Does 11 divide 2134?
True
Is 6122 a multiple of 55?
False
Does 10 divide 2339?
False
Does 22 divide 13134?
True
Is 83 a factor of 2124?
False
Is 3 a factor of 426?
True
Is 4320 a multiple of 288?
True
Does 12 divide 24614?
False
Is 15 a factor of 45407?
False
Is 3943 a multiple of 4?
False
Does 67 divide 11981?
False
Is 33 a factor of 10758?
True
Is 216 a multiple of 5?
False
Is 2319 a multiple of 8?
False
Is 149 a factor of 4172?
True
Is 900 a multiple of 75?
True
Is 2112 a multiple of 64?
True
Is 2892 a multiple of 10?
False
Does 8 divide 4488?
True
Is 315 a multiple of 9?
True
Is 308 a multiple of 22?
True
Does 37 divide 50949?
True
Is 2310 a multiple of 7?
True
Is 15 a factor of 42?
False
Does 14 divide 4256?
True
Does 31 divide 1116?
True
Is 316 a multiple of 46?
False
Is 9 a factor of 122?
False
Does 124 divide 1678?
False
Does 34 divide 33409?
False
Is 280 a multiple of 28?
True
Is 30 a factor of 493?
False
Is 60 a factor of 26280?
True
Is 10 a factor of 140?
True
Is 69 a factor of 11730?
True
Does 8 divide 1790?
False
Does 58 divide 4176?
True
Does 11 divide 189?
False
Is 1833 a multiple of 39?
True
Is 31 a factor of 868?
True
Is 1295 a multiple of 11?
False
Is 2159 a multiple of 17?
True
Is 108781 a multiple of 195?
False
Is 7 a factor of 8029?
True
Does 88 divide 33000?
True
Is 21903 a multiple of 54?
False
Is 26 a factor of 2714?
False
Is 13 a factor of 1941?
False
Is 585 a multiple of 39?
True
Is 4150 a multiple of 25?
True
Is 1936 a multiple of 22?
True
Does 33 divide 161639?
False
Is 31029 a multiple of 13?
False
Is 72 a factor of 117432?
True
Is 10 a factor of 5100?
True
Is 9 a factor of 42730?
False
Is 150 a multiple of 75?
True
Is 117 a factor of 4680?
True
Is 10 a factor of 108577?
False
Is 102 a factor of 7019?
False
Does 68 divide 6868?
True
Does 8 divide 7016?
True
Does 13 divide 2288?
True
Is 7944 a multiple of 58?
False
Is 3840 a multiple of 30?
True
Is 18860 a multiple of 164?
True
Does 175 divide 15036?
False
Is 25 a factor of 3712?
False
Does 13 divide 35425?
True
Does 87 divide 2001?
True
Does 119 divide 2190?
False
Is 31 a factor of 6014?
True
Is 479 a multiple of 5?
False
Is 21 a factor of 589?
False
Is 1316 a multiple of 7?
True
Does 55 divide 181?
False
Is 3408 a multiple of 17?
False
Does 36 divide 398?
False
Does 31 divide 968?
False
Is 34 a factor of 33592?
True
Is 10 a factor of 5348?
False
Is 9586 a multiple of 8?
False
Is 19 a factor of 25483?
False
Does 217 divide 1557?
False
Does 143 divide 21011?
False
Is 16 a factor of 700?
False
Is 297 a multiple of 27?
True
Is 22 a factor of 418?
True
Does 4 divide 279?
False
Is 1110 a multiple of 15?
True
Is 12 a factor of 264?
True
Does 4 divide 19231?
False
Is 32560 a multiple of 80?
True
Is 38 a factor of 1368?
True
Does 18 divide 14940?
True
Is 348 a multiple of 14?
False
Does 82 divide 7414?
False
Is 7259 a multiple of 17?
True
Is 31 a factor of 90687?
False
Is 4284 a multiple of 36?
True
Is 1068 a multiple of 7?
False
Is 3240 a multiple of 30?
True
Is 229 a factor of 27018?
False
Is 529 a multiple of 6?
False
Does 334 divide 88176?
True
Does 14 divide 1682?
False
Is 7644 a multiple of 98?
True
Is 1099 a multiple of 5?
False
Is 4119 a multiple of 27?
False
Is 71 a factor of 500?
False
Is 4 a factor of 520?
True
Is 7 a factor of 920?
False
Is 5764 a multiple of 131?
True
Is 15 a factor of 90?
True
Is 117 a factor of 936?
True
Is 365 a multiple of 5?
True
Is 277 a multiple of 16?
False
Does 17 divide 3635?
False
Is 2 a factor of 1459?
False
Is 696 a multiple of 29?
True
Is 744 a multiple of 9?
False
Is 334 a factor of 20079?
False
Does 113 divide 2130?
False
Is 286 a factor of 18530?
False
Is 160 a multiple of 4?
True
Does 17 divide 1294?
False
Is 2142 a multiple of 119?
True
Is 5445 a multiple of 23?
False
Is 2 a factor of 66?
True
Does 37 divide 1184?
True
Is 46922 a multiple of 110?
False
Is 117 a factor of 3798?
False
Is 20 a factor of 355?
False
Is 15444 a multiple of 11?
True
Is 1942 a multiple of 26?
False
Is 790 a multiple of 79?
True
Is 4900 a multiple of 4?
True
Is 4 a factor of 216?
True
Is 83 a factor of 2335?
False
Does 25 divide 14040?
False
Is 468 a multiple of 12?
True
Does 24 divide 521?
False
Does 12 divide 36348?
True
Is 4 a factor of 19916?
True
Does 74 divide 518?
True
Is 16 a factor of 1715?
False
Is 474 a multiple of 37?
False
Is 17934 a multiple of 183?
True
Is 70 a factor of 8330?
True
Is 1082 a multiple of 6?
False
Does 3 divide 1155?
True
Is 16 a factor of 198?
False
Is 6690 a multiple of 13?
False
Does 54 divide 23976?
True
Does 3 divide 142?
False
Is 9 a factor of 2151?
True
Is 10 a factor of 24344?
False
Does 110 divide 6270?
True
Does 14 divide 686?
True
Is 371 a multiple of 3?
False
Is 35 even?
False
Is 1269 a multiple of 4?
False
Is 130 a multiple of 37?
False
Is 6472 a multiple of 18?
False
Is 9836 a multiple of 3?
False
Is 39 a factor of 1318?
False
Is 13 a factor of 2854?
False
Is 39 a factor of 5265?
True
Does 10 divide 1658?
False
Does 3 divide 97?
False
Does 105 divide 34140?
False
Does 65 divide 2210?
True
Does 3 divide 279?
True
Is 31 a factor of 899?
True
Is 2772 a multiple of 18?
True
Is 116 a factor of 4297?
False
Is 1127 a multiple of 14?
False
Is 3979 a multiple of 22?
False
Is 7 a factor of 1326?
False
Is 12 a factor of 2838?
False
Is 2856 a multiple of 84?
True
Does 4 divide 56?
True
Does 5 divide 1100?
True
Is 23131 a multiple of 70?
False
Is 65 a factor of 11093?
False
Does 190 divide 3787?
False
Does 30 divide 929?
False
Is 19 a factor of 266?
True
Is 5768 a multiple of 118?
False
Is 703 a multiple of 4?
False
Does 12 divide 23097?
False
Does 51 divide 37587?
True
Is 4 a factor of 425?
False
Is 7 a factor of 216?
False
Does 7 divide 13636?
True
Is 11 a factor of 120782?
False
Is 31 a factor of 279?
True
Is 23 a factor of 322?
True
Is 47 a factor of 517?
True
Does 16 divide 75420?
False
Is 1482 a multiple of 30?
False
Is 9 a factor of 2550?
False
Is 901 a m